{"id":99,"date":"2019-11-10T23:19:59","date_gmt":"2019-11-10T22:19:59","guid":{"rendered":"http:\/\/film.killius.eu\/?page_id=99"},"modified":"2020-03-25T20:38:39","modified_gmt":"2020-03-25T19:38:39","slug":"anneliese-uhlig","status":"publish","type":"page","link":"https:\/\/film.killius.eu\/?page_id=99","title":{"rendered":"Anneliese Uhlig"},"content":{"rendered":"\n<figure class=\"wp-block-gallery columns-3 is-cropped wp-block-gallery-1 is-layout-flex wp-block-gallery-is-layout-flex\"><ul class=\"blocks-gallery-grid\"><li class=\"blocks-gallery-item\"><figure><img loading=\"lazy\" decoding=\"async\" width=\"218\" height=\"231\" src=\"http:\/\/film.killius.eu\/wp-content\/uploads\/2019\/12\/images-1.jpg\" alt=\"\" data-id=\"290\" data-link=\"http:\/\/film.killius.eu\/anneliese-uhlig\/images-1\/\" class=\"wp-image-290\"\/><\/figure><\/li><li class=\"blocks-gallery-item\"><figure><img loading=\"lazy\" decoding=\"async\" width=\"189\" height=\"267\" src=\"http:\/\/film.killius.eu\/wp-content\/uploads\/2019\/12\/images-2.jpg\" alt=\"\" data-id=\"291\" data-link=\"http:\/\/film.killius.eu\/anneliese-uhlig\/images-2\/\" class=\"wp-image-291\"\/><\/figure><\/li><li class=\"blocks-gallery-item\"><figure><img loading=\"lazy\" decoding=\"async\" width=\"768\" height=\"1024\" src=\"http:\/\/film.killius.eu\/wp-content\/uploads\/2020\/01\/P2231132-Kopie-2-768x1024.jpg\" alt=\"\" data-id=\"301\" data-link=\"http:\/\/film.killius.eu\/anneliese-uhlig\/olympus-digital-camera\/\" class=\"wp-image-301\" srcset=\"https:\/\/film.killius.eu\/wp-content\/uploads\/2020\/01\/P2231132-Kopie-2-768x1024.jpg 768w, https:\/\/film.killius.eu\/wp-content\/uploads\/2020\/01\/P2231132-Kopie-2-225x300.jpg 225w, https:\/\/film.killius.eu\/wp-content\/uploads\/2020\/01\/P2231132-Kopie-2-1152x1536.jpg 1152w, https:\/\/film.killius.eu\/wp-content\/uploads\/2020\/01\/P2231132-Kopie-2-1536x2048.jpg 1536w, https:\/\/film.killius.eu\/wp-content\/uploads\/2020\/01\/P2231132-Kopie-2-scaled.jpg 1920w\" sizes=\"auto, (max-width: 768px) 100vw, 768px\" \/><figcaption class=\"blocks-gallery-item__caption\">OLYMPUS DIGITAL CAMERA<\/figcaption><\/figure><\/li><li class=\"blocks-gallery-item\"><figure><img loading=\"lazy\" decoding=\"async\" width=\"185\" height=\"272\" src=\"http:\/\/film.killius.eu\/wp-content\/uploads\/2019\/12\/images.jpg\" alt=\"\" data-id=\"292\" data-link=\"http:\/\/film.killius.eu\/anneliese-uhlig\/images\/\" class=\"wp-image-292\"\/><\/figure><\/li><li class=\"blocks-gallery-item\"><figure><img loading=\"lazy\" decoding=\"async\" width=\"792\" height=\"1024\" src=\"http:\/\/film.killius.eu\/wp-content\/uploads\/2020\/03\/Annelise_Uhlig-792x1024.jpg\" alt=\"\" data-id=\"433\" data-link=\"http:\/\/film.killius.eu\/anneliese-uhlig\/annelise_uhlig-2\/\" class=\"wp-image-433\" srcset=\"https:\/\/film.killius.eu\/wp-content\/uploads\/2020\/03\/Annelise_Uhlig-792x1024.jpg 792w, https:\/\/film.killius.eu\/wp-content\/uploads\/2020\/03\/Annelise_Uhlig-232x300.jpg 232w, https:\/\/film.killius.eu\/wp-content\/uploads\/2020\/03\/Annelise_Uhlig-768x994.jpg 768w, https:\/\/film.killius.eu\/wp-content\/uploads\/2020\/03\/Annelise_Uhlig-1187x1536.jpg 1187w, https:\/\/film.killius.eu\/wp-content\/uploads\/2020\/03\/Annelise_Uhlig-1583x2048.jpg 1583w, https:\/\/film.killius.eu\/wp-content\/uploads\/2020\/03\/Annelise_Uhlig-scaled.jpg 1979w\" sizes=\"auto, (max-width: 792px) 100vw, 792px\" \/><\/figure><\/li><li class=\"blocks-gallery-item\"><figure><img loading=\"lazy\" decoding=\"async\" width=\"792\" height=\"1024\" src=\"http:\/\/film.killius.eu\/wp-content\/uploads\/2020\/03\/Uhlig3-Kopie-1-792x1024.jpg\" alt=\"\" data-id=\"438\" data-full-url=\"http:\/\/film.killius.eu\/wp-content\/uploads\/2020\/03\/Uhlig3-Kopie-1-scaled.jpg\" data-link=\"http:\/\/film.killius.eu\/anneliese-uhlig\/uhlig3-kopie-1\/\" class=\"wp-image-438\" srcset=\"https:\/\/film.killius.eu\/wp-content\/uploads\/2020\/03\/Uhlig3-Kopie-1-792x1024.jpg 792w, https:\/\/film.killius.eu\/wp-content\/uploads\/2020\/03\/Uhlig3-Kopie-1-232x300.jpg 232w, https:\/\/film.killius.eu\/wp-content\/uploads\/2020\/03\/Uhlig3-Kopie-1-768x993.jpg 768w, https:\/\/film.killius.eu\/wp-content\/uploads\/2020\/03\/Uhlig3-Kopie-1-1188x1536.jpg 1188w, https:\/\/film.killius.eu\/wp-content\/uploads\/2020\/03\/Uhlig3-Kopie-1-1584x2048.jpg 1584w, https:\/\/film.killius.eu\/wp-content\/uploads\/2020\/03\/Uhlig3-Kopie-1-scaled.jpg 1980w\" sizes=\"auto, (max-width: 792px) 100vw, 792px\" \/><\/figure><\/li><li class=\"blocks-gallery-item\"><figure><img loading=\"lazy\" decoding=\"async\" width=\"793\" height=\"1024\" src=\"http:\/\/film.killius.eu\/wp-content\/uploads\/2020\/03\/Uhlig-1-Kopie-2-793x1024.jpg\" alt=\"\" data-id=\"434\" data-link=\"http:\/\/film.killius.eu\/anneliese-uhlig\/uhlig-1-kopie-2\/\" class=\"wp-image-434\" srcset=\"https:\/\/film.killius.eu\/wp-content\/uploads\/2020\/03\/Uhlig-1-Kopie-2-793x1024.jpg 793w, https:\/\/film.killius.eu\/wp-content\/uploads\/2020\/03\/Uhlig-1-Kopie-2-232x300.jpg 232w, https:\/\/film.killius.eu\/wp-content\/uploads\/2020\/03\/Uhlig-1-Kopie-2-768x992.jpg 768w, https:\/\/film.killius.eu\/wp-content\/uploads\/2020\/03\/Uhlig-1-Kopie-2-1190x1536.jpg 1190w, https:\/\/film.killius.eu\/wp-content\/uploads\/2020\/03\/Uhlig-1-Kopie-2-1586x2048.jpg 1586w, https:\/\/film.killius.eu\/wp-content\/uploads\/2020\/03\/Uhlig-1-Kopie-2-scaled.jpg 1983w\" sizes=\"auto, (max-width: 793px) 100vw, 793px\" \/><\/figure><\/li><\/ul><\/figure>\n\n\n\n<p><strong>Anneliese Uhlig \u2013\ndie Frau, die sich Goebbels widersetzte<\/strong><\/p>\n\n\n\n<p>Die Schauspielerin und Journalistin Anneliese Uhlig wollte nicht um jeden Preis bei den Nazis spielen und setzte damit ihre Karriere als Ufa-Star aufs Spiel. Sie ist in ihrem Haus in Kalifornien gestorben. <\/p>\n\n\n\n<p><br>Ein Nachruf von Dr. Rosemarie Killius am 5. Juli in der FAZ<\/p>\n\n\n\n<p>Am 1. August sollte meine Hommage zu Anneliese Uhligs Geburtstag stattfinden, der sich am 27. August zum 99. Mal j\u00e4hrt. Diesen Termin hatte ich vor einigen Wochen mit dem Filmmuseum Frankfurt ausgemacht, m\u00f6glichst zeitnah, denn Anneliese Uhlig ging es seit wenigen Tagen nicht mehr so gut und alle ihre Freunde und Fans und ich auch, wollten, dass sie diesen Termin noch erleben k\u00f6nne. Sie selbst freute sich riesig, dass in Deutschland noch an sie erinnert und sogar ihr liebster Film \u201eSolistin Anna Alt\u201c eingespielt w\u00fcrde. <br>Am 16. Juni schickte sie mir per Mail noch ihre Gru\u00dfworte, am 17. Juni ist sie dann abends in ihrem Haus in Santa Cruz in Kalifornien f\u00fcr immer eingeschlafen. An ihrem Geburtstag soll sie im Pazifik bestattet werden.<\/p>\n\n\n\n<p>Bis einen Tag vor ihrem Tod sa\u00df Anneliese Uhlig noch an ihrem Schreibtisch und arbeitete am Computer &#8211; die gro\u00dfe Dame des Ufa-Films und der drei Karrieren. Kennzeichen: Flei\u00df, Intelligenz, Zivilcourage. <\/p>\n\n\n\n<p>Eine au\u00dfergew\u00f6hnliche Biografie.<br>Ihr Lebensweg f\u00fchrte sie von Essen, wo sie 1918 geboren wurde zur Schauspielausbildung nach Berlin. Dort wurde sie von Thea von Harbou, der zweiten Frau von Regisseur Fritz Lang entdeckt.<br>1937 deb\u00fctierte sie mit der Hauptrolle in \u201eManege\u201c mit Attila H\u00f6rbiger unter der Regie von Carmine Gallone.<br>1938 stand sie im Schillertheater auf der B\u00fchne (\u201eDer Richter von Zalamea\u201c von Calder\u00f3n) und ging auf eine mehrmonatige Europatournee unter der Leitung von Heinrich George. <br>Danach folgten gleich mehrere Filme mit den gro\u00dfen Kollegen dieser Zeit:  Willy Birgel, Gustav Diessl, Hans S\u00f6hnker, Will Quadflieg u.a. <br>In ihren Filmen (\u201eDie Stimme aus dem \u00c4ther\u201c, Regie Harald Paulsen, \u201eKriminalkommissar Eyck\u201c, Regie Boleslav Barlog, oder \u201eDer Vorhang f\u00e4llt\u201c mit Gustav Knuth u.a. ) verk\u00f6rperte sie hintergr\u00fcndige und verd\u00e4chtige Frauen. Schon mit 20 Jahren galt sie so als die \u201egeborene\u201c Dame. <br>Es folgten B\u00fchnenrollen etwa in Goldonis \u201eDiener zweier Herrn\u201c mit Joachim Gottschalk und Ren\u00e9 Deltgen. Anneliese Uhlig geh\u00f6rte bald zur Spitzengarnitur der deutschen Schauspieler.<br>Doch als sie 1940, mit 22 Jahren, die Avancen des Propagandaministers Goebbels, dem Schirmherrn des deutschen Films, abwies und ihm ihr NEIN ins Gesicht schleuderte (er darauf: \u201eSo werden sie nat\u00fcrlich keine Karriere machen\u201c), r\u00e4chte er sich, indem er sie f\u00fcr den deutschen Film sperrte. <br>Durch Vermittlung ihrer Freundin, der bekannten Kammers\u00e4ngerin Maria Cebotari, gelang ihr aber die Verpflichtung im italienischen Film. Dort fand sie sich als Protagonistin unter der Regie von Carlo Ponti  (dem sp\u00e4teren Ehemann von Sophia Loren) in einem gemeinsamen Filmprojekt (\u201eLa Fornarina\u201c) mit der aus Deutschland verjagten Goebbels-Geliebten Lida Baarova wieder. Nach ihrem 5. italienischen Film wird sie aber 1943 kriegsdienstverpflichtet nach Deutschland zur\u00fcckbeordert und bei der Truppenbetreuung eingesetzt. <br>Dank ihrer Italienischkenntnisse war sie vor Kriegsende eine Zeit lang als Dolmetscherin und Gesellschafterin f\u00fcr die sich in Deutschland befindliche Familie des entmachteten Mussolini in einem bayrischen Schloss besch\u00e4ftigt. Zugleich konnte sie noch in einigen Hauptrollen in weiteren Erfolgsfilmen brillieren, etwa in  \u201eDer Majoratsherr\u201c mit Willy Birgel, und in ihrer \u201esch\u00f6nsten Rolle in einem deutschen Film\u201c, wie sie in ihrer Autobiografie schrieb, in \u201eSolistin Anna Alt\u201c mit Will Quadflieg. Ihr letzter Film vor Kriegsende war \u201eFrau \u00fcber Bord\u201c von Wolfgang Staudte mit Heinrich George.<br>In den Nachkriegsjahren musste sie wie so viele um ihre Existenz k\u00e4mpfen. So produzierte sie Shows f\u00fcr amerikamische Truppen in \u00d6sterreich und Frankfurt am Main und trat mit Marika R\u00f6kk und Loni Heuser u.a. in \u201eGlory Road\u201c auf. <br>1948 geht sie mit ihrem amerikanischen Ehemann, dem Oberleutnant und Kunsthistoriker Douglas B. Tucker, als Soldatenfrau in die Vereinigten Staaten. Dort begann sie eine erfolgreiche Karriere als Journalistin. Als solche war sie sogar im Wei\u00dfen Haus akkreditiert.<br>Anneliese Uhlig war ungew\u00f6hnlich vielseitig. So drehte sie zwar auch weiter Filme in Deutschland, 1956 spielte sie zum Beispiel in \u201eDany, bitte schreiben Sie\u201c (Regie Eduard von Borsody) an der Seite der bekannten Nachkriegsstars Sonja Ziemann und Rudolf Prack. Doch sie lehrte auch als Dozentin f\u00fcr Dramaturgie und Deutsch an der Thammasat University in Bangkok, nachdem ihr Mann 1963 nach Vietnam und Thailand versetzt worden war.<br> Seit den f\u00fcnfziger Jahren schrieb sie zudem als Auslandskorrespondentin f\u00fcr deutsche Zeitungen, Agenturen und Radiosender, spielte nebenher immer mal wieder Theater, und seit den Siebzigern wiederholt auch in deutschen Fernsehproduktionen mit \u2013 in Filmen wie \u201eDas Klavier,\u201c Regie Fritz Umgelter, \u201eDer Winter der ein Sommer war, ebenfalls unter Umgelters Regie und 1983 mit Heinz R\u00fchmann \u201eEs gibt noch Haselnuss-Str\u00e4ucher,\u201c Regie Voitech Jasny. Zuletzt war sie in einer Dokumentation \u00fcber Heinrich George aus dem Jahr 2013 zu sehen.<br>Anneliese Uhlig hat in rund 30 Kino- und mehr als 15 Fernsehfilmen sowie vielen Theaterproduktionen mitgewirkt, unter anderem auch bei den Jedermann-Festspielen in Heppenheim. Sie war eine mutige Frau, die in der Diktatur Goebbels pers\u00f6nlich Widerstand leistete und die sogar noch genug Zivilcourage hatte, ihren Jugendfreund Friedrich Goes vor dem Volksgerichtshof zu verteidigen. <br>Ihre Autobiografie \u201eRosenkavaliers Kind-Eine Frau und drei Karrieren\u201c ist ein interessantes Werk der Zeitgeschichte und \u00fcbertrifft alles, was sich sonst an Schauspielerbiografien auf dem Markt findet. Und ihr Buch \u201eEinladung nach Kalifornien\u201c ist ein immer noch gut zu lesender Reisef\u00fchrer. Anneliese Uhlig wurde 1989 f\u00fcr ihre Verdienste um die deutsch-amerikanische Verst\u00e4ndigung mit dem Bundesverdienstkreuz 1. Klasse geehrt. Vor ihrer zweiten Ehe mit Douglas B. Tucker, er starb 2009, war sie kurz mit dem Schauspieler Kurt Waitzmann verheiratet \u2013 ihr gemeinsamer Sohn Peter starb 2013. <br>Mit fast 99 Jahren, bis zu ihrem Tod, lebte Anneliese Uhlig noch in ihrem Haus in Santa Cruz. Ich habe sie dort vor einigen Jahren besucht, als ich \u00fcber den Schauspieler Joachim Gottschalk recherchierte. Sie war wohl der letzte Mensch auf Erden, der Gottschalk noch kannte und mit ihm noch kurz vor seinem Tod auf der B\u00fchne gestanden hatte.<\/p>\n","protected":false},"excerpt":{"rendered":"<p>Anneliese Uhlig \u2013 die Frau, die sich Goebbels widersetzte Die Schauspielerin und Journalistin Anneliese Uhlig wollte nicht um jeden Preis<\/p>\n","protected":false},"author":1,"featured_media":0,"parent":0,"menu_order":0,"comment_status":"closed","ping_status":"closed","template":"","meta":{"footnotes":""},"class_list":["post-99","page","type-page","status-publish","hentry"],"_links":{"self":[{"href":"https:\/\/film.killius.eu\/index.php?rest_route=\/wp\/v2\/pages\/99","targetHints":{"allow":["GET"]}}],"collection":[{"href":"https:\/\/film.killius.eu\/index.php?rest_route=\/wp\/v2\/pages"}],"about":[{"href":"https:\/\/film.killius.eu\/index.php?rest_route=\/wp\/v2\/types\/page"}],"author":[{"embeddable":true,"href":"https:\/\/film.killius.eu\/index.php?rest_route=\/wp\/v2\/users\/1"}],"replies":[{"embeddable":true,"href":"https:\/\/film.killius.eu\/index.php?rest_route=%2Fwp%2Fv2%2Fcomments&post=99"}],"version-history":[{"count":7,"href":"https:\/\/film.killius.eu\/index.php?rest_route=\/wp\/v2\/pages\/99\/revisions"}],"predecessor-version":[{"id":439,"href":"https:\/\/film.killius.eu\/index.php?rest_route=\/wp\/v2\/pages\/99\/revisions\/439"}],"wp:attachment":[{"href":"https:\/\/film.killius.eu\/index.php?rest_route=%2Fwp%2Fv2%2Fmedia&parent=99"}],"curies":[{"name":"wp","href":"https:\/\/api.w.org\/{rel}","templated":true}]}}