{"id":86,"date":"2019-11-10T23:16:39","date_gmt":"2019-11-10T22:16:39","guid":{"rendered":"http:\/\/film.killius.eu\/?page_id=86"},"modified":"2019-12-01T12:43:36","modified_gmt":"2019-12-01T11:43:36","slug":"gustav-diessl","status":"publish","type":"page","link":"https:\/\/film.killius.eu\/?page_id=86","title":{"rendered":"Gustav Diessl"},"content":{"rendered":"\n<p><strong>Gustav Diessl<\/strong> wurde am 30. Dezember 1899 in Wien geboren und starb dort am 20. M\u00e4rz 1948.  Er war ein bedeutender Filmschauspieler und Grafiker.<br><br>1916 sammelte er an Wiener B\u00fchnen, auch am Burgtheater erste Schauspielerfahrung. Nach einigen Monaten musste er diese T\u00e4tigkeit jedoch unterbrechen, weil er im Ersten Weltkrieg zur k.u.k. Gebirgstruppe eingezogen wurde. Nach seiner R\u00fcckkehr aus der Gefangenschaft 1919 schloss er sich einer Wanderb\u00fchne an, 1921 folgte das erste Engagement an der Neuen Wiener B\u00fchne. Ebenfalls hat er an der Wiener Kunstgewerbeschule Bildhauerei und Malerei studiert. Mitte der 1920er Jahre ging Diessl nach Berlin, wo der Film ihn entdeckte und er sein schauspielerisches K\u00f6nnen in mehr als 70 Produktionen sehr erfolgreich zeigen konnte. Seine einpr\u00e4gsamste Rolle hatte Gustav Diessl 1929 in dem von Arnold Fanck und G. W. Pabst inszenierten Hochgebirgsdrama Die wei\u00dfe H\u00f6lle vom Piz Pal\u00fc, der zun\u00e4chst als Stummfilm produziert wurde. In seiner Zeit war er der Prototyp des etwas schwierigen Mannes, der Frauen geradezu gegen seinen Willen anzieht, eben weil er so kompliziert und so schwer zu erobern ist. Die Abgr\u00fcndigkeit seiner Charaktere sowie seine Undurchschaubarkeit hat Diessl andererseits oft auch zur Interpretation von Ausl\u00e4ndern und Verbrechertypen qualifiziert. Diessl war auch \u00fcber 1933 hinaus ein gefragter Darsteller. <br><br>W\u00e4hrend der Dreharbeiten zu dem Film Starke Herzen hatte Gustav Diessl die bedeutende Operns\u00e4ngerin Maria Cebotari kennengelernt, die sich seinetwegen scheiden lie\u00df und mit ihm 1938 die Ehe schloss. Nachdem er bereits zuvor h\u00e4ufig im Ausland gedreht hatte, arbeitete er von 1941 bis 1944 fast ausschlie\u00dflich in Italien. Erst 1944 war er wieder in einem deutschen Film zu sehen, in Harald Brauns Ibsen-Adaption Nora spielte er den Vertrauten und Verehrer der Titelheldin (Luise Ullrich). Diessls letzte Filmrolle vor dem Ende des Zweiten Weltkrieges war die des preu\u00dfischen Leutnants Ferdinand von Schill in Veit Harlans Kolberg (1945). <br><br>Nach 1945 stand Diessl nur noch einmal vor der Kamera, n\u00e4mlich als Ankl\u00e4ger in G. W. Pabsts 1947 in \u00d6sterreich produzierten Film Der Proze\u00df, der einen Ritualmord-Prozess des Jahres 1882 zum Thema hat und der sich mit dem Antisemitismus auseinandersetzte. <br><br>Nachdem Gustav Diessl bereits zwei Schlaganf\u00e4lle erlitten hatte, starb er im M\u00e4rz 1948 in seiner Geburtsstadt Wien. Er ist auf dem D\u00f6blinger Friedhof begraben (Gruppe 28, Reihe 1, Nr. 6). Erst nach seinem Tod kamen zwei \u00e4ltere Filme in die Kinos, in denen er die m\u00e4nnliche Hauptrolle gespielt hatte, der bereits erw\u00e4hnte Film Starke Herzen, der nach seiner Fertigstellung 1937 wegen seines nach dem Urteil der Filmpr\u00fcfstelle allzu gem\u00e4\u00dfigten Antikommunismus verboten wurde, und der Kriminalfilm Ruf an das Gewissen, der bei Kriegsende zwar abgedreht, jedoch erst sp\u00e4ter von der DEFA fertiggestellt wurde. <br><br>Gustav Diessl war in erster Ehe kurz mit Irmgard Amalie Wettach verheiratet und lebte danach mehrere Jahre mit der Schauspielerin Camilla Horn zusammen. Aus der zweiten Ehe mit Maria Cebotari stammen zwei S\u00f6hne.<\/p>\n\n\n\n<figure class=\"wp-block-gallery columns-3 is-cropped wp-block-gallery-1 is-layout-flex wp-block-gallery-is-layout-flex\"><ul class=\"blocks-gallery-grid\"><li class=\"blocks-gallery-item\"><figure><img loading=\"lazy\" decoding=\"async\" width=\"772\" height=\"1024\" src=\"http:\/\/film.killius.eu\/wp-content\/uploads\/2019\/11\/DSC1170-Kopie-2-772x1024.jpg\" alt=\"\" data-id=\"182\" data-link=\"http:\/\/film.killius.eu\/gustav-diessl\/dsc1170-kopie-2\/\" class=\"wp-image-182\" srcset=\"https:\/\/film.killius.eu\/wp-content\/uploads\/2019\/11\/DSC1170-Kopie-2-772x1024.jpg 772w, https:\/\/film.killius.eu\/wp-content\/uploads\/2019\/11\/DSC1170-Kopie-2-226x300.jpg 226w, https:\/\/film.killius.eu\/wp-content\/uploads\/2019\/11\/DSC1170-Kopie-2-768x1019.jpg 768w\" sizes=\"auto, (max-width: 772px) 100vw, 772px\" \/><\/figure><\/li><li class=\"blocks-gallery-item\"><figure><img loading=\"lazy\" decoding=\"async\" width=\"1024\" height=\"681\" src=\"http:\/\/film.killius.eu\/wp-content\/uploads\/2019\/11\/27804-64-Kopie-1024x681.jpg\" alt=\"\" data-id=\"184\" data-link=\"http:\/\/film.killius.eu\/gustav-diessl\/27804-64-kopie\/\" class=\"wp-image-184\" srcset=\"https:\/\/film.killius.eu\/wp-content\/uploads\/2019\/11\/27804-64-Kopie-1024x681.jpg 1024w, https:\/\/film.killius.eu\/wp-content\/uploads\/2019\/11\/27804-64-Kopie-300x199.jpg 300w, https:\/\/film.killius.eu\/wp-content\/uploads\/2019\/11\/27804-64-Kopie-768x511.jpg 768w, https:\/\/film.killius.eu\/wp-content\/uploads\/2019\/11\/27804-64-Kopie-120x80.jpg 120w\" sizes=\"auto, (max-width: 1024px) 100vw, 1024px\" \/><\/figure><\/li><li class=\"blocks-gallery-item\"><figure><img loading=\"lazy\" decoding=\"async\" width=\"465\" height=\"640\" src=\"http:\/\/film.killius.eu\/wp-content\/uploads\/2019\/11\/Diessl-Scan-5-Kopie.jpeg\" alt=\"\" data-id=\"185\" data-link=\"http:\/\/film.killius.eu\/gustav-diessl\/diessl-scan-5-kopie\/\" class=\"wp-image-185\" srcset=\"https:\/\/film.killius.eu\/wp-content\/uploads\/2019\/11\/Diessl-Scan-5-Kopie.jpeg 465w, https:\/\/film.killius.eu\/wp-content\/uploads\/2019\/11\/Diessl-Scan-5-Kopie-218x300.jpeg 218w\" sizes=\"auto, (max-width: 465px) 100vw, 465px\" \/><\/figure><\/li><li class=\"blocks-gallery-item\"><figure><img loading=\"lazy\" decoding=\"async\" width=\"880\" height=\"660\" src=\"http:\/\/film.killius.eu\/wp-content\/uploads\/2019\/11\/Dissl-880x660-1.jpg\" alt=\"\" data-id=\"186\" data-link=\"http:\/\/film.killius.eu\/gustav-diessl\/dissl-880x660-1\/\" class=\"wp-image-186\" srcset=\"https:\/\/film.killius.eu\/wp-content\/uploads\/2019\/11\/Dissl-880x660-1.jpg 880w, https:\/\/film.killius.eu\/wp-content\/uploads\/2019\/11\/Dissl-880x660-1-300x225.jpg 300w, https:\/\/film.killius.eu\/wp-content\/uploads\/2019\/11\/Dissl-880x660-1-768x576.jpg 768w\" sizes=\"auto, (max-width: 880px) 100vw, 880px\" \/><\/figure><\/li><li class=\"blocks-gallery-item\"><figure><img loading=\"lazy\" decoding=\"async\" width=\"697\" height=\"1024\" src=\"http:\/\/film.killius.eu\/wp-content\/uploads\/2019\/11\/GD-2-Kopie-1-697x1024.jpg\" alt=\"\" data-id=\"187\" data-link=\"http:\/\/film.killius.eu\/gustav-diessl\/gd-2-kopie-1\/\" class=\"wp-image-187\" srcset=\"https:\/\/film.killius.eu\/wp-content\/uploads\/2019\/11\/GD-2-Kopie-1-697x1024.jpg 697w, https:\/\/film.killius.eu\/wp-content\/uploads\/2019\/11\/GD-2-Kopie-1-204x300.jpg 204w, https:\/\/film.killius.eu\/wp-content\/uploads\/2019\/11\/GD-2-Kopie-1-768x1128.jpg 768w\" sizes=\"auto, (max-width: 697px) 100vw, 697px\" \/><\/figure><\/li><li class=\"blocks-gallery-item\"><figure><img loading=\"lazy\" decoding=\"async\" width=\"518\" height=\"826\" src=\"http:\/\/film.killius.eu\/wp-content\/uploads\/2019\/11\/Gustav-Diessl-Kopie.jpg\" alt=\"\" data-id=\"188\" data-link=\"http:\/\/film.killius.eu\/gustav-diessl\/gustav-diessl-kopie\/\" class=\"wp-image-188\" srcset=\"https:\/\/film.killius.eu\/wp-content\/uploads\/2019\/11\/Gustav-Diessl-Kopie.jpg 518w, https:\/\/film.killius.eu\/wp-content\/uploads\/2019\/11\/Gustav-Diessl-Kopie-188x300.jpg 188w\" sizes=\"auto, (max-width: 518px) 100vw, 518px\" \/><\/figure><\/li><li class=\"blocks-gallery-item\"><figure><img loading=\"lazy\" decoding=\"async\" width=\"249\" height=\"202\" src=\"http:\/\/film.killius.eu\/wp-content\/uploads\/2019\/11\/images-1-Kopie.jpg\" alt=\"\" data-id=\"189\" data-link=\"http:\/\/film.killius.eu\/gustav-diessl\/images-1-kopie\/\" class=\"wp-image-189\"\/><\/figure><\/li><\/ul><\/figure>\n\n\n\n<p><a href=\"http:\/\/film.killius.eu\/gedenktafel-fuer-gustav-diessl-in-wien\/\">Gedenktafel f\u00fcr Gustav Diessl in Wien<\/a><\/p>\n","protected":false},"excerpt":{"rendered":"<p>Gustav Diessl wurde am 30. Dezember 1899 in Wien geboren und starb dort am 20. M\u00e4rz 1948. Er war ein<\/p>\n","protected":false},"author":1,"featured_media":0,"parent":0,"menu_order":0,"comment_status":"closed","ping_status":"closed","template":"","meta":{"footnotes":""},"class_list":["post-86","page","type-page","status-publish","hentry"],"_links":{"self":[{"href":"https:\/\/film.killius.eu\/index.php?rest_route=\/wp\/v2\/pages\/86","targetHints":{"allow":["GET"]}}],"collection":[{"href":"https:\/\/film.killius.eu\/index.php?rest_route=\/wp\/v2\/pages"}],"about":[{"href":"https:\/\/film.killius.eu\/index.php?rest_route=\/wp\/v2\/types\/page"}],"author":[{"embeddable":true,"href":"https:\/\/film.killius.eu\/index.php?rest_route=\/wp\/v2\/users\/1"}],"replies":[{"embeddable":true,"href":"https:\/\/film.killius.eu\/index.php?rest_route=%2Fwp%2Fv2%2Fcomments&post=86"}],"version-history":[{"count":5,"href":"https:\/\/film.killius.eu\/index.php?rest_route=\/wp\/v2\/pages\/86\/revisions"}],"predecessor-version":[{"id":287,"href":"https:\/\/film.killius.eu\/index.php?rest_route=\/wp\/v2\/pages\/86\/revisions\/287"}],"wp:attachment":[{"href":"https:\/\/film.killius.eu\/index.php?rest_route=%2Fwp%2Fv2%2Fmedia&parent=86"}],"curies":[{"name":"wp","href":"https:\/\/api.w.org\/{rel}","templated":true}]}}