{"id":59,"date":"2019-11-10T23:02:12","date_gmt":"2019-11-10T22:02:12","guid":{"rendered":"http:\/\/film.killius.eu\/?page_id=59"},"modified":"2019-11-15T12:28:28","modified_gmt":"2019-11-15T11:28:28","slug":"hommagen","status":"publish","type":"page","link":"https:\/\/film.killius.eu\/?page_id=59","title":{"rendered":"Hommagen"},"content":{"rendered":"\n<p>Mit Ihren Hommagen m\u00f6chte Frau Dr. Killius das Gedenken an die K\u00fcnstlerinnen und K\u00fcnstler erhalten. Finden Sie hier, einige weitere Hintergr\u00fcnde und erg\u00e4nzende Informationen.<\/p>\n","protected":false},"excerpt":{"rendered":"<p>Mit Ihren Hommagen m\u00f6chte Frau Dr. Killius das Gedenken an die K\u00fcnstlerinnen und K\u00fcnstler erhalten. Finden Sie hier, einige weitere<\/p>\n","protected":false},"author":1,"featured_media":0,"parent":0,"menu_order":0,"comment_status":"closed","ping_status":"closed","template":"","meta":{"footnotes":""},"class_list":["post-59","page","type-page","status-publish","hentry"],"_links":{"self":[{"href":"https:\/\/film.killius.eu\/index.php?rest_route=\/wp\/v2\/pages\/59","targetHints":{"allow":["GET"]}}],"collection":[{"href":"https:\/\/film.killius.eu\/index.php?rest_route=\/wp\/v2\/pages"}],"about":[{"href":"https:\/\/film.killius.eu\/index.php?rest_route=\/wp\/v2\/types\/page"}],"author":[{"embeddable":true,"href":"https:\/\/film.killius.eu\/index.php?rest_route=\/wp\/v2\/users\/1"}],"replies":[{"embeddable":true,"href":"https:\/\/film.killius.eu\/index.php?rest_route=%2Fwp%2Fv2%2Fcomments&post=59"}],"version-history":[{"count":2,"href":"https:\/\/film.killius.eu\/index.php?rest_route=\/wp\/v2\/pages\/59\/revisions"}],"predecessor-version":[{"id":226,"href":"https:\/\/film.killius.eu\/index.php?rest_route=\/wp\/v2\/pages\/59\/revisions\/226"}],"wp:attachment":[{"href":"https:\/\/film.killius.eu\/index.php?rest_route=%2Fwp%2Fv2%2Fmedia&parent=59"}],"curies":[{"name":"wp","href":"https:\/\/api.w.org\/{rel}","templated":true}]}}