{"id":2,"date":"2019-11-08T14:45:15","date_gmt":"2019-11-08T13:45:15","guid":{"rendered":"http:\/\/film.killius.eu\/?page_id=2"},"modified":"2023-05-09T17:45:04","modified_gmt":"2023-05-09T15:45:04","slug":"beispiel-seite","status":"publish","type":"page","link":"https:\/\/film.killius.eu\/","title":{"rendered":"Schauspieler der 1930er bis 50er Jahre"},"content":{"rendered":"\n<p>Was alle diese Schauspieler verbindet, ist ihr gleicherma\u00dfen hoher schauspielerischer Standard, dessen B\u00fchnenherkunft nicht zu leugnen ist. <\/p>\n\n\n\n<p>Ein Niveau an Aussprache, Gestik und\nMimik, das f\u00fcr diese Epoche charakteristisch, ja singul\u00e4r ist und die Defizite\nmancher Drehb\u00fccher oder inszenatorische Schw\u00e4chen aufhebt. <\/p>\n\n\n\n<p>Dieses mimische Handwerk, das in vielen F\u00e4llen auf die Max Reinhardt-B\u00fchnen &#8211; Ausgangspunkt vieler Karrieren &#8211; sp\u00e4ter auf die Ufa-Nachwuchsschule zur\u00fcckgeht, pr\u00e4gt die Gesamtheit deutscher Filmproduktionen der Jahre 1933-1945. Die am Theater erlernte F\u00e4higkeit der meisten Schauspieler, Szenen auch mit umfangreichen Dialogpassagen am St\u00fcck zu spielen, erlaubte es den Regisseuren, die entsprechenden Sequenzen in einer durchgehenden Einstellung zu drehen. <\/p>\n\n\n\n<p>Frau Dr. Rosemarie Killius begeistert alle Interessierten regelm\u00e4\u00dfig mit ihren Filmseminaren und Vortr\u00e4gen zu ausgew\u00e4hlten Filmen. Und damit Sie zuk\u00fcnftig eine Anlaufstelle f\u00fcr weitergehende Informationen und zu ihren Quellen bekommen k\u00f6nnen, stellt sie diese hier f\u00fcr Sie bereit.<\/p>\n\n\n\n<p>Das unerm\u00fcdliche Bestreben von Frau Dr. Killius zum Erhalt der Erinnerung an die K\u00fcnstler hat der \u00d6ffentlichkeit schon einige Gedenktafeln beschert. Finden Sie dazu ausf\u00fchrliche Berichte \u00fcber den Weg und seine Schwierigkeiten, sowie so manche erstaunliche Geschichte.<\/p>\n\n\n\n<p>Frau Dr. Killius k\u00f6nnen Sie gern per <a href=\"http:\/\/film.killius.eu\/kontakt\/\">Email<\/a> erreichen.<\/p>\n","protected":false},"excerpt":{"rendered":"<p>Was alle diese Schauspieler verbindet, ist ihr gleicherma\u00dfen hoher schauspielerischer Standard, dessen B\u00fchnenherkunft nicht zu leugnen ist. Ein Niveau an<\/p>\n","protected":false},"author":1,"featured_media":0,"parent":0,"menu_order":0,"comment_status":"closed","ping_status":"open","template":"","meta":{"footnotes":""},"class_list":["post-2","page","type-page","status-publish","hentry"],"_links":{"self":[{"href":"https:\/\/film.killius.eu\/index.php?rest_route=\/wp\/v2\/pages\/2","targetHints":{"allow":["GET"]}}],"collection":[{"href":"https:\/\/film.killius.eu\/index.php?rest_route=\/wp\/v2\/pages"}],"about":[{"href":"https:\/\/film.killius.eu\/index.php?rest_route=\/wp\/v2\/types\/page"}],"author":[{"embeddable":true,"href":"https:\/\/film.killius.eu\/index.php?rest_route=\/wp\/v2\/users\/1"}],"replies":[{"embeddable":true,"href":"https:\/\/film.killius.eu\/index.php?rest_route=%2Fwp%2Fv2%2Fcomments&post=2"}],"version-history":[{"count":10,"href":"https:\/\/film.killius.eu\/index.php?rest_route=\/wp\/v2\/pages\/2\/revisions"}],"predecessor-version":[{"id":621,"href":"https:\/\/film.killius.eu\/index.php?rest_route=\/wp\/v2\/pages\/2\/revisions\/621"}],"wp:attachment":[{"href":"https:\/\/film.killius.eu\/index.php?rest_route=%2Fwp%2Fv2%2Fmedia&parent=2"}],"curies":[{"name":"wp","href":"https:\/\/api.w.org\/{rel}","templated":true}]}}