{"id":131,"date":"2019-11-14T11:34:36","date_gmt":"2019-11-14T10:34:36","guid":{"rendered":"http:\/\/film.killius.eu\/?page_id=131"},"modified":"2019-11-14T11:34:36","modified_gmt":"2019-11-14T10:34:36","slug":"filmographie-von-gustav-diessl","status":"publish","type":"page","link":"https:\/\/film.killius.eu\/?page_id=131","title":{"rendered":"Filmographie von Gustav Diessl"},"content":{"rendered":"\n<ul class=\"wp-block-list\"><li>1921: Im Banne der Kralle (\u00d6sterreich)<\/li><li>1923: Vineta. Die versunkene Stadt (Deutschland)<\/li><li>1924: <a href=\"https:\/\/de.wikipedia.org\/wiki\/Ssanin_%28Film%29\">Ssanin<\/a> (\u00d6sterreich, Polen)<\/li><li>1924: <a href=\"https:\/\/de.wikipedia.org\/wiki\/Die_Rache_der_Pharaonen_%281925%29\">Die Rache der Pharaonen<\/a> (\u00d6sterreich)<\/li><li>1928: Sensations-Prozess<\/li><li>1928: Das Gesetz der schwarzen Berge<\/li><li>1928: <a href=\"https:\/\/de.wikipedia.org\/wiki\/Abwege\">Abwege<\/a><\/li><li>1929: <a href=\"https:\/\/de.wikipedia.org\/wiki\/Die_B%C3%BCchse_der_Pandora_%28Film%29\">Die B\u00fcchse der Pandora<\/a><\/li><li>1929: <a href=\"https:\/\/de.wikipedia.org\/wiki\/Der_lebende_Leichnam\">Der lebende Leichnam<\/a><\/li><li>1929: That Murder in Berlin<\/li><li>1929: Die Ehe<\/li><li>1929: Der Mann, der nicht liebt<\/li><li>1929: Mutterliebe<\/li><li>1929: <a href=\"https:\/\/de.wikipedia.org\/wiki\/Die_wei%C3%9Fe_H%C3%B6lle_vom_Piz_Pal%C3%BC\">Die wei\u00dfe H\u00f6lle vom Piz Pal\u00fc<\/a><\/li><li>1929: Frauen am Abgrund<\/li><li>1929: Die Drei um Edith<\/li><li>1930: <a href=\"https:\/\/de.wikipedia.org\/wiki\/Westfront_1918\">Westfront 1918<\/a><\/li><li>1930: Moral um Mitternacht<\/li><li>1930: <a href=\"https:\/\/de.wikipedia.org\/wiki\/Die_gro%C3%9Fe_Sehnsucht\">Die gro\u00dfe Sehnsucht<\/a><\/li><li>1930: Hans in allen Gassen<\/li><li>1930: Leutnant warst Du einst bei deinen Husaren<\/li><li>1931: Les nuits de Port Said<\/li><li>1931: <a href=\"https:\/\/de.wikipedia.org\/wiki\/Das_gelbe_Haus_des_King-Fu\">Das gelbe Haus des King-Fu<\/a> (Deutschland, Frankreich)<\/li><li>1931: <a href=\"https:\/\/de.wikipedia.org\/wiki\/Menschen_hinter_Gittern_%281931%29\">Menschen hinter Gittern<\/a><\/li><li>1932: <a href=\"https:\/\/de.wikipedia.org\/wiki\/Die_Herrgottsgrenadiere\">Die Herrgottsgrenadiere<\/a><\/li><li>1932: <a href=\"https:\/\/de.wikipedia.org\/wiki\/Die_Herrin_von_Atlantis_%281932%29\">Die Herrin von Atlantis<\/a><\/li><li>1932: Eine von uns<\/li><li>1932: Teilnehmer antwortet nicht<\/li><li>1933: <a href=\"https:\/\/de.wikipedia.org\/wiki\/Das_Testament_des_Dr._Mabuse_%281933%29\">Das Testament des Dr. Mabuse<\/a><\/li><li>1933: Roman einer Nacht<\/li><li>1933: <a href=\"https:\/\/de.wikipedia.org\/wiki\/SOS_Eisberg\">SOS Eisberg<\/a><\/li><li>1934: Un de la montagne<\/li><li>1934: Wei\u00dfe Majest\u00e4t (Deutschland, Schweiz, Frankreich)<\/li><li>1935: Alles um eine Frau<\/li><li>1934: Der D\u00e4mon des Himalaya (Deutschland, Schweiz; dramatisierter Dokumentarfilm)<\/li><li>1936: Die Liebe des Maharadscha (Deutschland, Italien)<\/li><li>1936: <a href=\"https:\/\/de.wikipedia.org\/wiki\/Moskau_%E2%80%93_Shanghai\">Moskau \u2013 Shanghai<\/a> (Der Weg nach Shanghai)<\/li><li>1936: Schatten der Vergangenheit (\u00d6sterreich)<\/li><li>1937: Starke Herzen (<a href=\"https:\/\/de.wikipedia.org\/wiki\/%C3%9Cberl%C3%A4ufer_%28Film%29\">\u00dcberl\u00e4ufer<\/a>: 1953 als <em>Starke Herzen im Sturm<\/em> uraufgef\u00fchrt)<\/li><li>1938: <a href=\"https:\/\/de.wikipedia.org\/wiki\/Der_Tiger_von_Eschnapur_%281938%29\">Der Tiger von Eschnapur<\/a><\/li><li>1938: <a href=\"https:\/\/de.wikipedia.org\/wiki\/Das_indische_Grabmal_%281938%29\">Das indische Grabmal<\/a><\/li><li>1938: Fortsetzung folgt<\/li><li>1938: <a href=\"https:\/\/de.wikipedia.org\/wiki\/Kautschuk_%28Film%29\">Kautschuk<\/a><\/li><li>1939: Der gr\u00fcne Kaiser<\/li><li>1939: Ich verweigere die      Aussage<\/li><li>1939: <a href=\"https:\/\/de.wikipedia.org\/wiki\/Ich_bin_Sebastian_Ott\">Ich bin Sebastian Ott<\/a><\/li><li>1940: <a href=\"https:\/\/de.wikipedia.org\/wiki\/Stern_von_Rio\">Stern von Rio<\/a><\/li><li>1940: Herz ohne Heimat<\/li><li>1940: Senza cielo (Italien)<\/li><li>1941: <a href=\"https:\/\/de.wikipedia.org\/wiki\/Kom%C3%B6dianten_%281941%29\">Kom\u00f6dianten<\/a><\/li><li>1941: Clarissa<\/li><li>1941: Menschen im Sturm<\/li><li>1941: Il bravo di Venezia (Italien)<\/li><li>1942: La donna del peccato (Italien)<\/li><li>1943: Maria Malibran (Italien)<\/li><li>1943: Calafuria (Italien)<\/li><li>1943: La danza del fuoco (Italien)<\/li><li>1944: <a href=\"https:\/\/de.wikipedia.org\/wiki\/Nora_%281944%29\">Nora<\/a><\/li><li>1944: Nebbie sul mare (Italien)<\/li><li>1944: Ein Blick zur\u00fcck<\/li><li>1945: <a href=\"https:\/\/de.wikipedia.org\/wiki\/Ruf_an_das_Gewissen\">Ruf an das Gewissen<\/a> (<a href=\"https:\/\/de.wikipedia.org\/wiki\/%C3%9Cberl%C3%A4ufer_%28Film%29\">\u00dcberl\u00e4ufer<\/a>: 1949 als <em>Strafakte Andr\u00e9<\/em>      uraufgef\u00fchrt)<\/li><li>1945: <a href=\"https:\/\/de.wikipedia.org\/wiki\/Kolberg_%28Film%29\">Kolberg<\/a><\/li><li>1948: <a href=\"https:\/\/de.wikipedia.org\/wiki\/Der_Proze%C3%9F_%281948%29\">Der Proze\u00df<\/a> (\u00d6sterreich)<\/li><\/ul>\n","protected":false},"excerpt":{"rendered":"<p>1921: Im Banne der Kralle (\u00d6sterreich) 1923: Vineta. Die versunkene Stadt (Deutschland) 1924: Ssanin (\u00d6sterreich, Polen) 1924: Die Rache der<\/p>\n","protected":false},"author":2,"featured_media":0,"parent":0,"menu_order":0,"comment_status":"closed","ping_status":"closed","template":"","meta":{"footnotes":""},"class_list":["post-131","page","type-page","status-publish","hentry"],"_links":{"self":[{"href":"https:\/\/film.killius.eu\/index.php?rest_route=\/wp\/v2\/pages\/131","targetHints":{"allow":["GET"]}}],"collection":[{"href":"https:\/\/film.killius.eu\/index.php?rest_route=\/wp\/v2\/pages"}],"about":[{"href":"https:\/\/film.killius.eu\/index.php?rest_route=\/wp\/v2\/types\/page"}],"author":[{"embeddable":true,"href":"https:\/\/film.killius.eu\/index.php?rest_route=\/wp\/v2\/users\/2"}],"replies":[{"embeddable":true,"href":"https:\/\/film.killius.eu\/index.php?rest_route=%2Fwp%2Fv2%2Fcomments&post=131"}],"version-history":[{"count":1,"href":"https:\/\/film.killius.eu\/index.php?rest_route=\/wp\/v2\/pages\/131\/revisions"}],"predecessor-version":[{"id":132,"href":"https:\/\/film.killius.eu\/index.php?rest_route=\/wp\/v2\/pages\/131\/revisions\/132"}],"wp:attachment":[{"href":"https:\/\/film.killius.eu\/index.php?rest_route=%2Fwp%2Fv2%2Fmedia&parent=131"}],"curies":[{"name":"wp","href":"https:\/\/api.w.org\/{rel}","templated":true}]}}