{"id":13,"date":"2019-11-08T15:16:03","date_gmt":"2019-11-08T14:16:03","guid":{"rendered":"http:\/\/film.killius.eu\/?page_id=13"},"modified":"2023-05-28T17:36:25","modified_gmt":"2023-05-28T15:36:25","slug":"filmseminar-in-offenbach-m","status":"publish","type":"page","link":"https:\/\/film.killius.eu\/?page_id=13","title":{"rendered":"Filmseminare"},"content":{"rendered":"\n<p>Dr. Rosemarie Killius l\u00e4dt in unregelm\u00e4\u00dfigen Abst\u00e4nden zum Filmseminar in Offenbach, zur Murnaustiftung nach Wiesbaden und zum Deutschen Filminstitut\/Filmmuseum (DFF) nach Frankfurt am Main ein.<\/p>\n","protected":false},"excerpt":{"rendered":"<p>Dr. Rosemarie Killius l\u00e4dt in unregelm\u00e4\u00dfigen Abst\u00e4nden zum Filmseminar in Offenbach, zur Murnaustiftung nach Wiesbaden und zum Deutschen Filminstitut\/Filmmuseum (DFF)<\/p>\n","protected":false},"author":1,"featured_media":14,"parent":0,"menu_order":0,"comment_status":"closed","ping_status":"closed","template":"","meta":{"footnotes":""},"class_list":["post-13","page","type-page","status-publish","has-post-thumbnail","hentry"],"_links":{"self":[{"href":"https:\/\/film.killius.eu\/index.php?rest_route=\/wp\/v2\/pages\/13","targetHints":{"allow":["GET"]}}],"collection":[{"href":"https:\/\/film.killius.eu\/index.php?rest_route=\/wp\/v2\/pages"}],"about":[{"href":"https:\/\/film.killius.eu\/index.php?rest_route=\/wp\/v2\/types\/page"}],"author":[{"embeddable":true,"href":"https:\/\/film.killius.eu\/index.php?rest_route=\/wp\/v2\/users\/1"}],"replies":[{"embeddable":true,"href":"https:\/\/film.killius.eu\/index.php?rest_route=%2Fwp%2Fv2%2Fcomments&post=13"}],"version-history":[{"count":5,"href":"https:\/\/film.killius.eu\/index.php?rest_route=\/wp\/v2\/pages\/13\/revisions"}],"predecessor-version":[{"id":635,"href":"https:\/\/film.killius.eu\/index.php?rest_route=\/wp\/v2\/pages\/13\/revisions\/635"}],"wp:featuredmedia":[{"embeddable":true,"href":"https:\/\/film.killius.eu\/index.php?rest_route=\/wp\/v2\/media\/14"}],"wp:attachment":[{"href":"https:\/\/film.killius.eu\/index.php?rest_route=%2Fwp%2Fv2%2Fmedia&parent=13"}],"curies":[{"name":"wp","href":"https:\/\/api.w.org\/{rel}","templated":true}]}}